{"version":"1.0","provider_name":"Revista Regional","provider_url":"https:\/\/revistaregional.com.br\/site","author_name":"contato@revistaregional.com.br","author_url":"https:\/\/revistaregional.com.br\/site\/author\/contato@revistaregional.com.br\/","title":"Salto recebe pe\u00e7a de Denise Fraga - Revista Regional","type":"rich","width":600,"height":338,"html":"<blockquote class=\"wp-embedded-content\" data-secret=\"Zm1TR55g8h\"><a href=\"https:\/\/revistaregional.com.br\/site\/2014\/02\/11\/salto-recebe-peca-inedita-da-atriz-denise-fraga\/\">Salto recebe pe\u00e7a de Denise Fraga<\/a><\/blockquote><iframe sandbox=\"allow-scripts\" security=\"restricted\" src=\"https:\/\/revistaregional.com.br\/site\/2014\/02\/11\/salto-recebe-peca-inedita-da-atriz-denise-fraga\/embed\/#?secret=Zm1TR55g8h\" width=\"600\" height=\"338\" title=\"&#8220;Salto recebe pe\u00e7a de Denise Fraga&#8221; &#8212; Revista Regional\" data-secret=\"Zm1TR55g8h\" frameborder=\"0\" marginwidth=\"0\" marginheight=\"0\" scrolling=\"no\" class=\"wp-embedded-content\"><\/iframe><script>\n\/*! This file is auto-generated *\/\n!function(d,l){\"use strict\";l.querySelector&&d.addEventListener&&\"undefined\"!=typeof URL&&(d.wp=d.wp||{},d.wp.receiveEmbedMessage||(d.wp.receiveEmbedMessage=function(e){var t=e.data;if((t||t.secret||t.message||t.value)&&!\/[^a-zA-Z0-9]\/.test(t.secret)){for(var s,r,n,a=l.querySelectorAll('iframe[data-secret=\"'+t.secret+'\"]'),o=l.querySelectorAll('blockquote[data-secret=\"'+t.secret+'\"]'),c=new RegExp(\"^https?:$\",\"i\"),i=0;i<o.length;i++)o[i].style.display=\"none\";for(i=0;i<a.length;i++)s=a[i],e.source===s.contentWindow&&(s.removeAttribute(\"style\"),\"height\"===t.message?(1e3<(r=parseInt(t.value,10))?r=1e3:~~r<200&&(r=200),s.height=r):\"link\"===t.message&&(r=new URL(s.getAttribute(\"src\")),n=new URL(t.value),c.test(n.protocol))&&n.host===r.host&&l.activeElement===s&&(d.top.location.href=t.value))}},d.addEventListener(\"message\",d.wp.receiveEmbedMessage,!1),l.addEventListener(\"DOMContentLoaded\",function(){for(var e,t,s=l.querySelectorAll(\"iframe.wp-embedded-content\"),r=0;r<s.length;r++)(t=(e=s[r]).getAttribute(\"data-secret\"))||(t=Math.random().toString(36).substring(2,12),e.src+=\"#?secret=\"+t,e.setAttribute(\"data-secret\",t)),e.contentWindow.postMessage({message:\"ready\",secret:t},\"*\")},!1)))}(window,document);\n\/\/# sourceURL=https:\/\/revistaregional.com.br\/site\/wp-includes\/js\/wp-embed.min.js\n<\/script>\n","thumbnail_url":"https:\/\/revistaregional.com.br\/site\/wp-content\/uploads\/2014\/02\/site-denise-fraga-21.jpg","thumbnail_width":"640","thumbnail_height":"440","description":"Conhecida por suas personagens c\u00f4micas, como as que interpretou no quadro \u201cRetrato Falado\u201d, exibido dentro do Fant\u00e1stico, ou no seriado \u201c3 Teresas\u201d, que passa no GNT, Denise Fraga vem at\u00e9 Salto, ao lado da atriz Cl\u00e1udia Mello, espalhar seu humor na com\u00e9dia \u201cChorinho\u201d, que trata da vida urbana com delicadeza e poesia.\u00a0 A apresenta\u00e7\u00e3o na [&hellip;]"}

Salto recebe peça de Denise Fraga - Revista Regional

<blockquote class="wp-embedded-content" data-secret="Zm1TR55g8h"><a href="https://revistaregional.com.br/site/2014/02/11/salto-recebe-peca-inedita-da-atriz-denise-fraga/">Salto recebe peça de Denise Fraga</a></blockquote><iframe sandbox="allow-scripts" security="restricted" src="https://revistaregional.com.br/site/2014/02/11/salto-recebe-peca-inedita-da-atriz-denise-fraga/embed/#?secret=Zm1TR55g8h" width="600" height="338" title="&#8220;Salto recebe peça de Denise Fraga&#8221; &#8212; Revista Regional" data-secret="Zm1TR55g8h" frameborder="0" marginwidth="0" marginheight="0" scrolling="no" class="wp-embedded-content"></iframe><script>
/*! This file is auto-generated */
!function(d,l){"use strict";l.querySelector&&d.addEventListener&&"undefined"!=typeof URL&&(d.wp=d.wp||{},d.wp.receiveEmbedMessage||(d.wp.receiveEmbedMessage=function(e){var t=e.data;if((t||t.secret||t.message||t.value)&&!/[^a-zA-Z0-9]/.test(t.secret)){for(var s,r,n,a=l.querySelectorAll('iframe[data-secret="'+t.secret+'"]'),o=l.querySelectorAll('blockquote[data-secret="'+t.secret+'"]'),c=new RegExp("^https?:$","i"),i=0;i<o.length;i++)o[i].style.display="none";for(i=0;i<a.length;i++)s=a[i],e.source===s.contentWindow&&(s.removeAttribute("style"),"height"===t.message?(1e3<(r=parseInt(t.value,10))?r=1e3:~~r<200&&(r=200),s.height=r):"link"===t.message&&(r=new URL(s.getAttribute("src")),n=new URL(t.value),c.test(n.protocol))&&n.host===r.host&&l.activeElement===s&&(d.top.location.href=t.value))}},d.addEventListener("message",d.wp.receiveEmbedMessage,!1),l.addEventListener("DOMContentLoaded",function(){for(var e,t,s=l.querySelectorAll("iframe.wp-embedded-content"),r=0;r<s.length;r++)(t=(e=s[r]).getAttribute("data-secret"))||(t=Math.random().toString(36).substring(2,12),e.src+="#?secret="+t,e.setAttribute("data-secret",t)),e.contentWindow.postMessage({message:"ready",secret:t},"*")},!1)))}(window,document);
//# sourceURL=https://revistaregional.com.br/site/wp-includes/js/wp-embed.min.js
</script>

Conhecida por suas personagens cômicas, como as que interpretou no quadro “Retrato Falado”, exibido dentro do Fantástico, ou no seriado “3 Teresas”, que passa no GNT, Denise Fraga vem até Salto, ao lado da atriz Cláudia Mello, espalhar seu humor na comédia “Chorinho”, que trata da vida urbana com delicadeza e poesia.  A apresentação na [&hellip;]
