{"version":"1.0","provider_name":"Revista Regional","provider_url":"https:\/\/revistaregional.com.br\/site","author_name":"contato@revistaregional.com.br","author_url":"https:\/\/revistaregional.com.br\/site\/author\/contato@revistaregional.com.br\/","title":"Mostra valoriza cultura afro em Itu - Revista Regional","type":"rich","width":600,"height":338,"html":"<blockquote class=\"wp-embedded-content\" data-secret=\"2Ik52dUHHD\"><a href=\"https:\/\/revistaregional.com.br\/site\/2013\/11\/21\/mostra-valoriza-cultura-afro-em-itu\/\">Mostra valoriza cultura afro em Itu<\/a><\/blockquote><iframe sandbox=\"allow-scripts\" security=\"restricted\" src=\"https:\/\/revistaregional.com.br\/site\/2013\/11\/21\/mostra-valoriza-cultura-afro-em-itu\/embed\/#?secret=2Ik52dUHHD\" width=\"600\" height=\"338\" title=\"&#8220;Mostra valoriza cultura afro em Itu&#8221; &#8212; Revista Regional\" data-secret=\"2Ik52dUHHD\" frameborder=\"0\" marginwidth=\"0\" marginheight=\"0\" scrolling=\"no\" class=\"wp-embedded-content\"><\/iframe><script>\n\/*! This file is auto-generated *\/\n!function(d,l){\"use strict\";l.querySelector&&d.addEventListener&&\"undefined\"!=typeof URL&&(d.wp=d.wp||{},d.wp.receiveEmbedMessage||(d.wp.receiveEmbedMessage=function(e){var t=e.data;if((t||t.secret||t.message||t.value)&&!\/[^a-zA-Z0-9]\/.test(t.secret)){for(var s,r,n,a=l.querySelectorAll('iframe[data-secret=\"'+t.secret+'\"]'),o=l.querySelectorAll('blockquote[data-secret=\"'+t.secret+'\"]'),c=new RegExp(\"^https?:$\",\"i\"),i=0;i<o.length;i++)o[i].style.display=\"none\";for(i=0;i<a.length;i++)s=a[i],e.source===s.contentWindow&&(s.removeAttribute(\"style\"),\"height\"===t.message?(1e3<(r=parseInt(t.value,10))?r=1e3:~~r<200&&(r=200),s.height=r):\"link\"===t.message&&(r=new URL(s.getAttribute(\"src\")),n=new URL(t.value),c.test(n.protocol))&&n.host===r.host&&l.activeElement===s&&(d.top.location.href=t.value))}},d.addEventListener(\"message\",d.wp.receiveEmbedMessage,!1),l.addEventListener(\"DOMContentLoaded\",function(){for(var e,t,s=l.querySelectorAll(\"iframe.wp-embedded-content\"),r=0;r<s.length;r++)(t=(e=s[r]).getAttribute(\"data-secret\"))||(t=Math.random().toString(36).substring(2,12),e.src+=\"#?secret=\"+t,e.setAttribute(\"data-secret\",t)),e.contentWindow.postMessage({message:\"ready\",secret:t},\"*\")},!1)))}(window,document);\n\/\/# sourceURL=https:\/\/revistaregional.com.br\/site\/wp-includes\/js\/wp-embed.min.js\n<\/script>\n","thumbnail_url":"https:\/\/revistaregional.com.br\/site\/wp-content\/uploads\/2013\/11\/agenda-batuque.jpg","thumbnail_width":"640","thumbnail_height":"480","description":"O Museu da M\u00fasica \u2013 Itu abre, nesta ter\u00e7a-feira, dia 19, v\u00e9spera da celebra\u00e7\u00e3o do dia da Consci\u00eancia Negra, a mostra Do Batuque ao Entrudo. A exposi\u00e7\u00e3o revela, entre imagens e objetos, a criatividade da m\u00fasica dos negros em Itu, desde o s\u00e9culo XIX, com destaque para o samba de terreiro e o carnaval. \u00a0\u00a0\u00a0\u00a0\u00a0\u00a0\u00a0\u00a0\u00a0\u00a0\u00a0\u00a0\u00a0\u00a0\u00a0 [&hellip;]"}

O Museu da Música – Itu abre, nesta terça-feira, dia 19, véspera da celebração do dia da Consciência Negra, a mostra Do Batuque ao Entrudo. A exposição revela, entre imagens e objetos, a criatividade da música dos negros em Itu, desde o século XIX, com destaque para o samba de terreiro e o carnaval.                 [&hellip;]
