{"version":"1.0","provider_name":"Revista Regional","provider_url":"https:\/\/revistaregional.com.br\/site","author_name":"contato@revistaregional.com.br","author_url":"https:\/\/revistaregional.com.br\/site\/author\/contato@revistaregional.com.br\/","title":"\u2018Tamo Junto!\u2019 de Marco Luque em Indaiatuba - Revista Regional","type":"rich","width":600,"height":338,"html":"<blockquote class=\"wp-embedded-content\" data-secret=\"D60nmOR5Z7\"><a href=\"https:\/\/revistaregional.com.br\/site\/2013\/03\/04\/tamo-junto-de-marco-luque-em-indaiatuba\/\">\u2018Tamo Junto!\u2019 de Marco Luque em Indaiatuba<\/a><\/blockquote><iframe sandbox=\"allow-scripts\" security=\"restricted\" src=\"https:\/\/revistaregional.com.br\/site\/2013\/03\/04\/tamo-junto-de-marco-luque-em-indaiatuba\/embed\/#?secret=D60nmOR5Z7\" width=\"600\" height=\"338\" title=\"&#8220;\u2018Tamo Junto!\u2019 de Marco Luque em Indaiatuba&#8221; &#8212; Revista Regional\" data-secret=\"D60nmOR5Z7\" frameborder=\"0\" marginwidth=\"0\" marginheight=\"0\" scrolling=\"no\" class=\"wp-embedded-content\"><\/iframe><script>\n\/*! This file is auto-generated *\/\n!function(d,l){\"use strict\";l.querySelector&&d.addEventListener&&\"undefined\"!=typeof URL&&(d.wp=d.wp||{},d.wp.receiveEmbedMessage||(d.wp.receiveEmbedMessage=function(e){var t=e.data;if((t||t.secret||t.message||t.value)&&!\/[^a-zA-Z0-9]\/.test(t.secret)){for(var s,r,n,a=l.querySelectorAll('iframe[data-secret=\"'+t.secret+'\"]'),o=l.querySelectorAll('blockquote[data-secret=\"'+t.secret+'\"]'),c=new RegExp(\"^https?:$\",\"i\"),i=0;i<o.length;i++)o[i].style.display=\"none\";for(i=0;i<a.length;i++)s=a[i],e.source===s.contentWindow&&(s.removeAttribute(\"style\"),\"height\"===t.message?(1e3<(r=parseInt(t.value,10))?r=1e3:~~r<200&&(r=200),s.height=r):\"link\"===t.message&&(r=new URL(s.getAttribute(\"src\")),n=new URL(t.value),c.test(n.protocol))&&n.host===r.host&&l.activeElement===s&&(d.top.location.href=t.value))}},d.addEventListener(\"message\",d.wp.receiveEmbedMessage,!1),l.addEventListener(\"DOMContentLoaded\",function(){for(var e,t,s=l.querySelectorAll(\"iframe.wp-embedded-content\"),r=0;r<s.length;r++)(t=(e=s[r]).getAttribute(\"data-secret\"))||(t=Math.random().toString(36).substring(2,12),e.src+=\"#?secret=\"+t,e.setAttribute(\"data-secret\",t)),e.contentWindow.postMessage({message:\"ready\",secret:t},\"*\")},!1)))}(window,document);\n\/\/# sourceURL=https:\/\/revistaregional.com.br\/site\/wp-includes\/js\/wp-embed.min.js\n<\/script>\n","thumbnail_url":"https:\/\/revistaregional.com.br\/site\/wp-content\/uploads\/2013\/03\/agenda-Marco-Luque-Divulga\u00e7\u00e3o-929661.jpg","thumbnail_width":"480","thumbnail_height":"353","description":"O Teatro GT traz para a regi\u00e3o a pe\u00e7a \u201cTamo Junto!\u201d, do apresentador do programa CQC, da Band, Marco Luque. Com apoio de Revista Regional, ele se apresentar\u00e1 no dia 10, \u00e0s 19h, no Ciaei, em Indaiatuba. Luque vem se destacando no teatro com o g\u00eanero stand-up por todo o Brasil. Em \u201cTamo Junto!\u201d, visto [&hellip;]"}

https://revistaregional.com.br/site/wp-content/uploads/2013/03/agenda-Marco-Luque-Divulgação-929661.jpg

O Teatro GT traz para a região a peça “Tamo Junto!”, do apresentador do programa CQC, da Band, Marco Luque. Com apoio de Revista Regional, ele se apresentará no dia 10, às 19h, no Ciaei, em Indaiatuba. Luque vem se destacando no teatro com o gênero stand-up por todo o Brasil. Em “Tamo Junto!”, visto [&hellip;]
