{"version":"1.0","provider_name":"Revista Regional","provider_url":"https:\/\/revistaregional.com.br\/site","author_name":"contato@revistaregional.com.br","author_url":"https:\/\/revistaregional.com.br\/site\/author\/contato@revistaregional.com.br\/","title":"Joe Roberts andFriends na Sala Palma de Ouro - Revista Regional","type":"rich","width":600,"height":338,"html":"<blockquote class=\"wp-embedded-content\" data-secret=\"DWM1dZtm7Q\"><a href=\"https:\/\/revistaregional.com.br\/site\/2013\/02\/21\/joe-roberts-andfriends-na-sala-palma-de-ouro\/\">Joe Roberts andFriends na Sala Palma de Ouro<\/a><\/blockquote><iframe sandbox=\"allow-scripts\" security=\"restricted\" src=\"https:\/\/revistaregional.com.br\/site\/2013\/02\/21\/joe-roberts-andfriends-na-sala-palma-de-ouro\/embed\/#?secret=DWM1dZtm7Q\" width=\"600\" height=\"338\" title=\"&#8220;Joe Roberts andFriends na Sala Palma de Ouro&#8221; &#8212; Revista Regional\" data-secret=\"DWM1dZtm7Q\" frameborder=\"0\" marginwidth=\"0\" marginheight=\"0\" scrolling=\"no\" class=\"wp-embedded-content\"><\/iframe><script>\n\/*! This file is auto-generated *\/\n!function(d,l){\"use strict\";l.querySelector&&d.addEventListener&&\"undefined\"!=typeof URL&&(d.wp=d.wp||{},d.wp.receiveEmbedMessage||(d.wp.receiveEmbedMessage=function(e){var t=e.data;if((t||t.secret||t.message||t.value)&&!\/[^a-zA-Z0-9]\/.test(t.secret)){for(var s,r,n,a=l.querySelectorAll('iframe[data-secret=\"'+t.secret+'\"]'),o=l.querySelectorAll('blockquote[data-secret=\"'+t.secret+'\"]'),c=new RegExp(\"^https?:$\",\"i\"),i=0;i<o.length;i++)o[i].style.display=\"none\";for(i=0;i<a.length;i++)s=a[i],e.source===s.contentWindow&&(s.removeAttribute(\"style\"),\"height\"===t.message?(1e3<(r=parseInt(t.value,10))?r=1e3:~~r<200&&(r=200),s.height=r):\"link\"===t.message&&(r=new URL(s.getAttribute(\"src\")),n=new URL(t.value),c.test(n.protocol))&&n.host===r.host&&l.activeElement===s&&(d.top.location.href=t.value))}},d.addEventListener(\"message\",d.wp.receiveEmbedMessage,!1),l.addEventListener(\"DOMContentLoaded\",function(){for(var e,t,s=l.querySelectorAll(\"iframe.wp-embedded-content\"),r=0;r<s.length;r++)(t=(e=s[r]).getAttribute(\"data-secret\"))||(t=Math.random().toString(36).substring(2,12),e.src+=\"#?secret=\"+t,e.setAttribute(\"data-secret\",t)),e.contentWindow.postMessage({message:\"ready\",secret:t},\"*\")},!1)))}(window,document);\n\/\/# sourceURL=https:\/\/revistaregional.com.br\/site\/wp-includes\/js\/wp-embed.min.js\n<\/script>\n","thumbnail_url":"https:\/\/revistaregional.com.br\/site\/wp-content\/uploads\/2013\/02\/Joe-Roberts-and-Friends-apresentam-Tributo-ao-Rock-Cl\u00e1ssico-Internacional-na-Sala-Palma-de-Ouro.jpg","thumbnail_width":"640","thumbnail_height":"480","description":"A Sala Palma de Ouro (Centro de Educa\u00e7\u00e3o e Cultura) Anselmo Duarte recebe no pr\u00f3ximo dia 2 de mar\u00e7o, s\u00e1bado, \u00e0s 21h, a atra\u00e7\u00e3o internacional Joe Roberts andFriends, que apresenta o show \u201cTributo ao Rock Cl\u00e1ssico Internacional\u201d. IngressosR$ 30,00 (inteira); R$ 15,00 (meia). Ainda no s\u00e1bado, dia 2 de mar\u00e7o, das 15h \u00e0s 16h30, Joe [&hellip;]"}

https://revistaregional.com.br/site/wp-content/uploads/2013/02/Joe-Roberts-and-Friends-apresentam-Tributo-ao-Rock-Clássico-Internacional-na-Sala-Palma-de-Ouro.jpg

A Sala Palma de Ouro (Centro de Educação e Cultura) Anselmo Duarte recebe no próximo dia 2 de março, sábado, às 21h, a atração internacional Joe Roberts andFriends, que apresenta o show “Tributo ao Rock Clássico Internacional”. IngressosR$ 30,00 (inteira); R$ 15,00 (meia). Ainda no sábado, dia 2 de março, das 15h às 16h30, Joe [&hellip;]
