{"version":"1.0","provider_name":"Revista Regional","provider_url":"https:\/\/revistaregional.com.br\/site","author_name":"contato@revistaregional.com.br","author_url":"https:\/\/revistaregional.com.br\/site\/author\/contato@revistaregional.com.br\/","title":"Voc\u00ea tem raiva? - Revista Regional","type":"rich","width":600,"height":338,"html":"<blockquote class=\"wp-embedded-content\" data-secret=\"kcFGiS6KDG\"><a href=\"https:\/\/revistaregional.com.br\/site\/2011\/02\/07\/voce-tem-raiva\/\">Voc\u00ea tem raiva?<\/a><\/blockquote><iframe sandbox=\"allow-scripts\" security=\"restricted\" src=\"https:\/\/revistaregional.com.br\/site\/2011\/02\/07\/voce-tem-raiva\/embed\/#?secret=kcFGiS6KDG\" width=\"600\" height=\"338\" title=\"&#8220;Voc\u00ea tem raiva?&#8221; &#8212; Revista Regional\" data-secret=\"kcFGiS6KDG\" frameborder=\"0\" marginwidth=\"0\" marginheight=\"0\" scrolling=\"no\" class=\"wp-embedded-content\"><\/iframe><script>\n\/*! This file is auto-generated *\/\n!function(d,l){\"use strict\";l.querySelector&&d.addEventListener&&\"undefined\"!=typeof URL&&(d.wp=d.wp||{},d.wp.receiveEmbedMessage||(d.wp.receiveEmbedMessage=function(e){var t=e.data;if((t||t.secret||t.message||t.value)&&!\/[^a-zA-Z0-9]\/.test(t.secret)){for(var s,r,n,a=l.querySelectorAll('iframe[data-secret=\"'+t.secret+'\"]'),o=l.querySelectorAll('blockquote[data-secret=\"'+t.secret+'\"]'),c=new RegExp(\"^https?:$\",\"i\"),i=0;i<o.length;i++)o[i].style.display=\"none\";for(i=0;i<a.length;i++)s=a[i],e.source===s.contentWindow&&(s.removeAttribute(\"style\"),\"height\"===t.message?(1e3<(r=parseInt(t.value,10))?r=1e3:~~r<200&&(r=200),s.height=r):\"link\"===t.message&&(r=new URL(s.getAttribute(\"src\")),n=new URL(t.value),c.test(n.protocol))&&n.host===r.host&&l.activeElement===s&&(d.top.location.href=t.value))}},d.addEventListener(\"message\",d.wp.receiveEmbedMessage,!1),l.addEventListener(\"DOMContentLoaded\",function(){for(var e,t,s=l.querySelectorAll(\"iframe.wp-embedded-content\"),r=0;r<s.length;r++)(t=(e=s[r]).getAttribute(\"data-secret\"))||(t=Math.random().toString(36).substring(2,12),e.src+=\"#?secret=\"+t,e.setAttribute(\"data-secret\",t)),e.contentWindow.postMessage({message:\"ready\",secret:t},\"*\")},!1)))}(window,document);\n\/\/# sourceURL=https:\/\/revistaregional.com.br\/site\/wp-includes\/js\/wp-embed.min.js\n<\/script>\n","thumbnail_url":"https:\/\/revistaregional.com.br\/site\/wp-content\/uploads\/2011\/02\/saude-raiva-640x4801.jpg","thumbnail_width":"627","thumbnail_height":"474","description":"Se sim, use-a para o bem. Aprenda a lidar com a exalta\u00e7\u00e3o e transforme os sentimentos ruins em aliados Definida pelo psiquiatra Evandro Lu\u00eds Borgo, m\u00e9dico da Unimed, como um sentimento inerente ao ser humano, a raiva tamb\u00e9m pode ter um lado bom. Presente normalmente em situa\u00e7\u00f5es nas quais o indiv\u00edduo se julga injusti\u00e7ado, tal [&hellip;]"}

Você tem raiva? - Revista Regional

<blockquote class="wp-embedded-content" data-secret="kcFGiS6KDG"><a href="https://revistaregional.com.br/site/2011/02/07/voce-tem-raiva/">Você tem raiva?</a></blockquote><iframe sandbox="allow-scripts" security="restricted" src="https://revistaregional.com.br/site/2011/02/07/voce-tem-raiva/embed/#?secret=kcFGiS6KDG" width="600" height="338" title="&#8220;Você tem raiva?&#8221; &#8212; Revista Regional" data-secret="kcFGiS6KDG" frameborder="0" marginwidth="0" marginheight="0" scrolling="no" class="wp-embedded-content"></iframe><script>
/*! This file is auto-generated */
!function(d,l){"use strict";l.querySelector&&d.addEventListener&&"undefined"!=typeof URL&&(d.wp=d.wp||{},d.wp.receiveEmbedMessage||(d.wp.receiveEmbedMessage=function(e){var t=e.data;if((t||t.secret||t.message||t.value)&&!/[^a-zA-Z0-9]/.test(t.secret)){for(var s,r,n,a=l.querySelectorAll('iframe[data-secret="'+t.secret+'"]'),o=l.querySelectorAll('blockquote[data-secret="'+t.secret+'"]'),c=new RegExp("^https?:$","i"),i=0;i<o.length;i++)o[i].style.display="none";for(i=0;i<a.length;i++)s=a[i],e.source===s.contentWindow&&(s.removeAttribute("style"),"height"===t.message?(1e3<(r=parseInt(t.value,10))?r=1e3:~~r<200&&(r=200),s.height=r):"link"===t.message&&(r=new URL(s.getAttribute("src")),n=new URL(t.value),c.test(n.protocol))&&n.host===r.host&&l.activeElement===s&&(d.top.location.href=t.value))}},d.addEventListener("message",d.wp.receiveEmbedMessage,!1),l.addEventListener("DOMContentLoaded",function(){for(var e,t,s=l.querySelectorAll("iframe.wp-embedded-content"),r=0;r<s.length;r++)(t=(e=s[r]).getAttribute("data-secret"))||(t=Math.random().toString(36).substring(2,12),e.src+="#?secret="+t,e.setAttribute("data-secret",t)),e.contentWindow.postMessage({message:"ready",secret:t},"*")},!1)))}(window,document);
//# sourceURL=https://revistaregional.com.br/site/wp-includes/js/wp-embed.min.js
</script>

Se sim, use-a para o bem. Aprenda a lidar com a exaltação e transforme os sentimentos ruins em aliados Definida pelo psiquiatra Evandro Luís Borgo, médico da Unimed, como um sentimento inerente ao ser humano, a raiva também pode ter um lado bom. Presente normalmente em situações nas quais o indivíduo se julga injustiçado, tal [&hellip;]
